{"id":93,"date":"2012-02-28T18:11:12","date_gmt":"2012-02-28T17:11:12","guid":{"rendered":"http:\/\/www.versammlung-und-teilhabe.de\/cms\/?page_id=93"},"modified":"2012-06-22T11:24:14","modified_gmt":"2012-06-22T10:24:14","slug":"a-z-der-transziplinaeren-forschung","status":"publish","type":"page","link":"http:\/\/www.versammlung-und-teilhabe.de\/cms\/a-z-der-transziplinaeren-forschung\/","title":{"rendered":"A-Z der transdisziplin\u00e4ren Forschung"},"content":{"rendered":"<h1>A-Z der transdisziplin\u00e4ren Forschung<\/h1>\n<p>Wissenschaft und Kunst sind heute gleicherma\u00dfen gefragt, ihre Expertise st\u00e4rker als bisher in den Dienst des Forschens aller Mitglieder der Gesellschaft zu stellen, statt stellvertretend f\u00fcr andere das Forschen zu \u00fcbernehmen. Die performativen K\u00fcnste haben Erfahrung im Experimentieren mit Teilhabe. Das Graduiertenkolleg ist daher auf die Entwicklung entsprechender Kooperationen ausgerichtet und macht sich die transdisziplin\u00e4re Forschung zwischen Kunst, Wissenschaft und Alltagsexpertise zum Programm.<\/p>\n<p>Jedoch: Wie geht man vor? Welche Verfahren sind entstanden? Was wird zum Modell? Wie lassen sich unterschiedliche Forschungsinteressen kombinieren? Wann verwandelt sich \u201aForschen \u00fcber\u2019 in \u201aForschen mit\u2019? Wie verbinden sich How-To-Wissen und Analyse, Kritik und Intervention?<\/p>\n<p>Parallel zu den konkreten Forschungsvorhaben der Beteiligten werden die Mitglieder, das Netzwerk und G\u00e4ste des Kollegs an der Beantwortung dieser Fragen im Rahmen eines Online-Lexikons arbeiten. Begriffe und Verfahren, die sich im Zusammenhang mit den Forschungsprojekten als wichtig erweisen, sollen gesammelt und jeweils anhand konkreter Beispiele erkl\u00e4rt und gemeinsam diskutiert werden. \u00dcber die Dauer des Kollegs hinweg wird auf diese Weise\u00a0 das <strong>A-Z der transdisziplin\u00e4ren Forschung<\/strong> entstehen.<\/p>\n","protected":false},"excerpt":{"rendered":"<p>A-Z der transdisziplin\u00e4ren Forschung Wissenschaft und Kunst sind heute gleicherma\u00dfen gefragt, ihre Expertise st\u00e4rker als bisher in den Dienst des Forschens aller Mitglieder der Gesellschaft zu stellen, statt stellvertretend f\u00fcr andere das Forschen zu \u00fcbernehmen. Die performativen K\u00fcnste haben Erfahrung &hellip; <a href=\"http:\/\/www.versammlung-und-teilhabe.de\/cms\/a-z-der-transziplinaeren-forschung\/\">Weiterlesen <span class=\"meta-nav\">&rarr;<\/span><\/a><\/p>\n","protected":false},"author":1,"featured_media":0,"parent":0,"menu_order":0,"comment_status":"closed","ping_status":"closed","template":"sidebar-page.php","meta":[],"_links":{"self":[{"href":"http:\/\/www.versammlung-und-teilhabe.de\/cms\/wp-json\/wp\/v2\/pages\/93"}],"collection":[{"href":"http:\/\/www.versammlung-und-teilhabe.de\/cms\/wp-json\/wp\/v2\/pages"}],"about":[{"href":"http:\/\/www.versammlung-und-teilhabe.de\/cms\/wp-json\/wp\/v2\/types\/page"}],"author":[{"embeddable":true,"href":"http:\/\/www.versammlung-und-teilhabe.de\/cms\/wp-json\/wp\/v2\/users\/1"}],"replies":[{"embeddable":true,"href":"http:\/\/www.versammlung-und-teilhabe.de\/cms\/wp-json\/wp\/v2\/comments?post=93"}],"version-history":[{"count":9,"href":"http:\/\/www.versammlung-und-teilhabe.de\/cms\/wp-json\/wp\/v2\/pages\/93\/revisions"}],"predecessor-version":[{"id":97,"href":"http:\/\/www.versammlung-und-teilhabe.de\/cms\/wp-json\/wp\/v2\/pages\/93\/revisions\/97"}],"wp:attachment":[{"href":"http:\/\/www.versammlung-und-teilhabe.de\/cms\/wp-json\/wp\/v2\/media?parent=93"}],"curies":[{"name":"wp","href":"https:\/\/api.w.org\/{rel}","templated":true}]}}

A-Z der transdisziplinären Forschung

<h1>A-Z der transdisziplinären Forschung</h1>
<p>Wissenschaft und Kunst sind heute gleichermaßen gefragt, ihre Expertise stärker als bisher in den Dienst des Forschens aller Mitglieder der Gesellschaft zu stellen, statt stellvertretend für andere das Forschen zu übernehmen. Die performativen Künste haben Erfahrung im Experimentieren mit Teilhabe. Das Graduiertenkolleg ist daher auf die Entwicklung entsprechender Kooperationen ausgerichtet und macht sich die transdisziplinäre Forschung zwischen Kunst, Wissenschaft und Alltagsexpertise zum Programm.</p>
<p>Jedoch: Wie geht man vor? Welche Verfahren sind entstanden? Was wird zum Modell? Wie lassen sich unterschiedliche Forschungsinteressen kombinieren? Wann verwandelt sich ‚Forschen über’ in ‚Forschen mit’? Wie verbinden sich How-To-Wissen und Analyse, Kritik und Intervention?</p>
<p>Parallel zu den konkreten Forschungsvorhaben der Beteiligten werden die Mitglieder, das Netzwerk und Gäste des Kollegs an der Beantwortung dieser Fragen im Rahmen eines Online-Lexikons arbeiten. Begriffe und Verfahren, die sich im Zusammenhang mit den Forschungsprojekten als wichtig erweisen, sollen gesammelt und jeweils anhand konkreter Beispiele erklärt und gemeinsam diskutiert werden. Über die Dauer des Kollegs hinweg wird auf diese Weise  das <strong>A-Z der transdisziplinären Forschung</strong> entstehen.</p>

<p>A-Z der transdisziplinären Forschung Wissenschaft und Kunst sind heute gleichermaßen gefragt, ihre Expertise stärker als bisher in den Dienst des Forschens aller Mitglieder der Gesellschaft zu stellen, statt stellvertretend für andere das Forschen zu übernehmen. Die performativen Künste haben Erfahrung &hellip; <a href="http://www.versammlung-und-teilhabe.de/cms/a-z-der-transziplinaeren-forschung/">Weiterlesen <span class="meta-nav">&rarr;</span></a></p>
