{"id":7,"date":"2012-02-24T15:39:23","date_gmt":"2012-02-24T14:39:23","guid":{"rendered":"http:\/\/www.versammlung-und-teilhabe.de\/cms\/?page_id=7"},"modified":"2015-12-23T14:15:52","modified_gmt":"2015-12-23T13:15:52","slug":"start","status":"publish","type":"page","link":"http:\/\/www.versammlung-und-teilhabe.de\/cms\/","title":{"rendered":"Start"},"content":{"rendered":"<p>Das k\u00fcnstlerisch-wissenschaftliche Graduiertenkolleg <strong>Versammlung und Teilhabe<\/strong> wurde von einer Kooperation zwischen der HafenCity Universit\u00e4t und den k\u00fcnstlerischen Institutionen K3 Tanzplan Hamburg und Fundus Theater getragen und lief vom 01.01.2012 bis zum 31.12.2014. Die entstandenen Videos (unter <a href=\"http:\/\/www.versammlung-und-teilhabe.de\/cms\/dokumentation\/\">Dokumentation<\/a> ) geben einen Einblick in wichtige Fragestellungen des Kollegs.<\/p>\n<p>Nicht nur in der arabischen, auch in der westlichen Welt, in Europa und in Hamburg stellt sich mit neuer Dringlichkeit die Frage, was Demokratie im gesellschaftlichen Erleben und Handeln ausmacht. Dabei geht es nicht nur um die offiziellen politischen B\u00fchnen, sondern vor allem um neue Formen von Versammlung und Teilhabe, um die Frage, was gesellschaftlich \u00fcberhaupt zum Thema gemacht werden kann und in welchen Foren Fragen des gesellschaftlichen Zusammenlebens verhandelt werden. Mit dem Charakter der gesellschaftlichen Auseinandersetzung \u00e4ndern sich auch die Figurationen von \u00d6ffentlichkeit und demokratischer Teilhabe.<\/p>\n<p>Das k\u00fcnstlerisch-wissenschaftliche Graduiertenkolleg <strong>Versammlung und Teilhabe: Urbane \u00d6ffentlichkeiten und performative K\u00fcnste<\/strong> fragte: Welche Rolle k\u00f6nnen die performativen und medialen K\u00fcnste im Kontext der neuen urbanen Demokratisierungsbewegungen spielen?<\/p>\n<p>Mit Verfahren transdisziplin\u00e4ren Forschens zwischen Kunst, Wissenschaft und Gesellschaft befragte und erprobte das Kolleg neue Formen von Versammlung und Teilhabe auf thematischer und k\u00fcnstlerisch-experimenteller Ebene. Wie lassen sich k\u00fcnstlerische und wissenschaftliche Verfahren so kombinieren, dass sich der Forschungsprozess selbst auf mehr gesellschaftliche Teilhabe hin \u00f6ffnet?<\/p>\n<hr \/>\n<p><strong>Das Kolleg wurde von einer Kooperation zwischen Hochschule und k\u00fcnstlerischen Institutionen getragen und lief vom 01.01.2012 bis zum 31.12.2014:<\/strong><\/p>\n<ul class=\"horizontalListe traeger\">\n<li><a href=\"http:\/\/www.fundus-theater.de\/\" target=\"blank\"><img src=\"http:\/\/www.versammlung-und-teilhabe.de\/logos\/fundus-theater.png\" alt=\"Forschungs- und Wissenschaftsstiftung Hamburg\" \/><\/a><\/li>\n<li><a href=\"http:\/\/www.hcu-hamburg.de\/\" target=\"blank\"><img src=\"http:\/\/www.versammlung-und-teilhabe.de\/logos\/hcu.png\" alt=\"Forschungs- und Wissenschaftsstiftung Hamburg\" \/><\/a><\/li>\n<li><a href=\"http:\/\/www.k3-hamburg.de\/\" target=\"blank\"><img src=\"http:\/\/www.versammlung-und-teilhabe.de\/logos\/kampnagel.png\" alt=\"Forschungs- und Wissenschaftsstiftung Hamburg\" \/><\/a><\/li>\n<\/ul>\n<hr \/>\n<p><strong>Gef\u00f6rdert durch die Freie und Hansestadt Hamburg.<\/strong><\/p>\n<p><a href=\"http:\/\/www.versammlung-und-teilhabe.de\/cms\/wp-content\/uploads\/2012\/02\/BWF5.png\" rel=\"lightbox[7]\"><img loading=\"lazy\" class=\"alignleft  wp-image-1048\" title=\"BWF\" src=\"http:\/\/www.versammlung-und-teilhabe.de\/cms\/wp-content\/uploads\/2012\/02\/BWF5.png\" alt=\"\" width=\"270\" height=\"75\" \/><\/a><\/p>\n","protected":false},"excerpt":{"rendered":"<p>Das k\u00fcnstlerisch-wissenschaftliche Graduiertenkolleg Versammlung und Teilhabe wurde von einer Kooperation zwischen der HafenCity Universit\u00e4t und den k\u00fcnstlerischen Institutionen K3 Tanzplan Hamburg und Fundus Theater getragen und lief vom 01.01.2012 bis zum 31.12.2014. Die entstandenen Videos (unter Dokumentation ) geben einen &hellip; <a href=\"http:\/\/www.versammlung-und-teilhabe.de\/cms\/\">Weiterlesen <span class=\"meta-nav\">&rarr;<\/span><\/a><\/p>\n","protected":false},"author":1,"featured_media":0,"parent":0,"menu_order":0,"comment_status":"closed","ping_status":"closed","template":"sidebar-page.php","meta":[],"_links":{"self":[{"href":"http:\/\/www.versammlung-und-teilhabe.de\/cms\/wp-json\/wp\/v2\/pages\/7"}],"collection":[{"href":"http:\/\/www.versammlung-und-teilhabe.de\/cms\/wp-json\/wp\/v2\/pages"}],"about":[{"href":"http:\/\/www.versammlung-und-teilhabe.de\/cms\/wp-json\/wp\/v2\/types\/page"}],"author":[{"embeddable":true,"href":"http:\/\/www.versammlung-und-teilhabe.de\/cms\/wp-json\/wp\/v2\/users\/1"}],"replies":[{"embeddable":true,"href":"http:\/\/www.versammlung-und-teilhabe.de\/cms\/wp-json\/wp\/v2\/comments?post=7"}],"version-history":[{"count":49,"href":"http:\/\/www.versammlung-und-teilhabe.de\/cms\/wp-json\/wp\/v2\/pages\/7\/revisions"}],"predecessor-version":[{"id":65,"href":"http:\/\/www.versammlung-und-teilhabe.de\/cms\/wp-json\/wp\/v2\/pages\/7\/revisions\/65"}],"wp:attachment":[{"href":"http:\/\/www.versammlung-und-teilhabe.de\/cms\/wp-json\/wp\/v2\/media?parent=7"}],"curies":[{"name":"wp","href":"https:\/\/api.w.org\/{rel}","templated":true}]}}

<p>Das künstlerisch-wissenschaftliche Graduiertenkolleg <strong>Versammlung und Teilhabe</strong> wurde von einer Kooperation zwischen der HafenCity Universität und den künstlerischen Institutionen K3 Tanzplan Hamburg und Fundus Theater getragen und lief vom 01.01.2012 bis zum 31.12.2014. Die entstandenen Videos (unter <a href="http://www.versammlung-und-teilhabe.de/cms/dokumentation/">Dokumentation</a> ) geben einen Einblick in wichtige Fragestellungen des Kollegs.</p>
<p>Nicht nur in der arabischen, auch in der westlichen Welt, in Europa und in Hamburg stellt sich mit neuer Dringlichkeit die Frage, was Demokratie im gesellschaftlichen Erleben und Handeln ausmacht. Dabei geht es nicht nur um die offiziellen politischen Bühnen, sondern vor allem um neue Formen von Versammlung und Teilhabe, um die Frage, was gesellschaftlich überhaupt zum Thema gemacht werden kann und in welchen Foren Fragen des gesellschaftlichen Zusammenlebens verhandelt werden. Mit dem Charakter der gesellschaftlichen Auseinandersetzung ändern sich auch die Figurationen von Öffentlichkeit und demokratischer Teilhabe.</p>
<p>Das künstlerisch-wissenschaftliche Graduiertenkolleg <strong>Versammlung und Teilhabe: Urbane Öffentlichkeiten und performative Künste</strong> fragte: Welche Rolle können die performativen und medialen Künste im Kontext der neuen urbanen Demokratisierungsbewegungen spielen?</p>
<p>Mit Verfahren transdisziplinären Forschens zwischen Kunst, Wissenschaft und Gesellschaft befragte und erprobte das Kolleg neue Formen von Versammlung und Teilhabe auf thematischer und künstlerisch-experimenteller Ebene. Wie lassen sich künstlerische und wissenschaftliche Verfahren so kombinieren, dass sich der Forschungsprozess selbst auf mehr gesellschaftliche Teilhabe hin öffnet?</p>
<hr />
<p><strong>Das Kolleg wurde von einer Kooperation zwischen Hochschule und künstlerischen Institutionen getragen und lief vom 01.01.2012 bis zum 31.12.2014:</strong></p>
<ul class="horizontalListe traeger">
<li><a href="http://www.fundus-theater.de/" target="blank"><img src="http://www.versammlung-und-teilhabe.de/logos/fundus-theater.png" alt="Forschungs- und Wissenschaftsstiftung Hamburg" /></a></li>
<li><a href="http://www.hcu-hamburg.de/" target="blank"><img src="http://www.versammlung-und-teilhabe.de/logos/hcu.png" alt="Forschungs- und Wissenschaftsstiftung Hamburg" /></a></li>
<li><a href="http://www.k3-hamburg.de/" target="blank"><img src="http://www.versammlung-und-teilhabe.de/logos/kampnagel.png" alt="Forschungs- und Wissenschaftsstiftung Hamburg" /></a></li>
</ul>
<hr />
<p><strong>Gefördert durch die Freie und Hansestadt Hamburg.</strong></p>
<p><a href="http://www.versammlung-und-teilhabe.de/cms/wp-content/uploads/2012/02/BWF5.png" rel="lightbox[7]"><img loading="lazy" class="alignleft  wp-image-1048" title="BWF" src="http://www.versammlung-und-teilhabe.de/cms/wp-content/uploads/2012/02/BWF5.png" alt="" width="270" height="75" /></a></p>

<p>Das künstlerisch-wissenschaftliche Graduiertenkolleg Versammlung und Teilhabe wurde von einer Kooperation zwischen der HafenCity Universität und den künstlerischen Institutionen K3 Tanzplan Hamburg und Fundus Theater getragen und lief vom 01.01.2012 bis zum 31.12.2014. Die entstandenen Videos (unter Dokumentation ) geben einen &hellip; <a href="http://www.versammlung-und-teilhabe.de/cms/">Weiterlesen <span class="meta-nav">&rarr;</span></a></p>
