{"id":13,"date":"2012-02-24T15:57:11","date_gmt":"2012-02-24T14:57:11","guid":{"rendered":"http:\/\/www.versammlung-und-teilhabe.de\/cms\/?page_id=13"},"modified":"2015-07-19T12:54:25","modified_gmt":"2015-07-19T11:54:25","slug":"kontakt","status":"publish","type":"page","link":"http:\/\/www.versammlung-und-teilhabe.de\/cms\/kontakt\/","title":{"rendered":"Kontakt"},"content":{"rendered":"<p>&nbsp;<\/p>\n<h1>Impressum:<\/h1>\n<p><!--nextpage--><strong>Forschungstheater<br \/>\n\/ FUNDUS-THEATER<br \/>\n<\/strong>Hasselbrookstra\u00dfe 25<br \/>\n22089 Hamburg<\/p>\n<p><!--nextpage--><strong>HafenCity Universit\u00e4t<br \/>\n<\/strong>Averhoffstra\u00dfe 38<br \/>\n22085 Hamburg<\/p>\n<p><!--nextpage--><\/p>\n<p><strong>K3 &#8211; Zentrum f\u00fcr Choreographie<\/strong><br \/>\nKampnagel<br \/>\nJarrestra\u00dfe 20<br \/>\n22303 Hamburg<\/p>\n<p><!--nextpage--><\/p>\n<p>Inhaltlich Verantwortliche gem\u00e4\u00df \u00a7 6 MDStV:<br \/>\nEsther Pilkington<br \/>\n<strong><\/strong><\/p>\n<p><strong>Haftungshinweis:<\/strong><br \/>\nTrotz sorgf\u00e4ltiger inhaltlicher Kontrolle \u00fcbernehmen wir keine Haftung f\u00fcr die Inhalte externer Links.<br \/>\nF\u00fcr den Inhalt der verlinkten Seiten sind ausschlie\u00dflich deren Betreiber verantwortlich.<\/p>\n","protected":false},"excerpt":{"rendered":"<p>&nbsp; Impressum:<\/p>\n","protected":false},"author":1,"featured_media":0,"parent":0,"menu_order":0,"comment_status":"closed","ping_status":"closed","template":"sidebar-page.php","meta":[],"_links":{"self":[{"href":"http:\/\/www.versammlung-und-teilhabe.de\/cms\/wp-json\/wp\/v2\/pages\/13"}],"collection":[{"href":"http:\/\/www.versammlung-und-teilhabe.de\/cms\/wp-json\/wp\/v2\/pages"}],"about":[{"href":"http:\/\/www.versammlung-und-teilhabe.de\/cms\/wp-json\/wp\/v2\/types\/page"}],"author":[{"embeddable":true,"href":"http:\/\/www.versammlung-und-teilhabe.de\/cms\/wp-json\/wp\/v2\/users\/1"}],"replies":[{"embeddable":true,"href":"http:\/\/www.versammlung-und-teilhabe.de\/cms\/wp-json\/wp\/v2\/comments?post=13"}],"version-history":[{"count":28,"href":"http:\/\/www.versammlung-und-teilhabe.de\/cms\/wp-json\/wp\/v2\/pages\/13\/revisions"}],"predecessor-version":[{"id":118,"href":"http:\/\/www.versammlung-und-teilhabe.de\/cms\/wp-json\/wp\/v2\/pages\/13\/revisions\/118"}],"wp:attachment":[{"href":"http:\/\/www.versammlung-und-teilhabe.de\/cms\/wp-json\/wp\/v2\/media?parent=13"}],"curies":[{"name":"wp","href":"https:\/\/api.w.org\/{rel}","templated":true}]}}

<p>&nbsp;</p>
<h1>Impressum:</h1>
<p><!--nextpage--><strong>Forschungstheater<br />
/ FUNDUS-THEATER<br />
</strong>Hasselbrookstraße 25<br />
22089 Hamburg</p>
<p><!--nextpage--><strong>HafenCity Universität<br />
</strong>Averhoffstraße 38<br />
22085 Hamburg</p>
<p><!--nextpage--></p>
<p><strong>K3 &#8211; Zentrum für Choreographie</strong><br />
Kampnagel<br />
Jarrestraße 20<br />
22303 Hamburg</p>
<p><!--nextpage--></p>
<p>Inhaltlich Verantwortliche gemäß § 6 MDStV:<br />
Esther Pilkington<br />
<strong></strong></p>
<p><strong>Haftungshinweis:</strong><br />
Trotz sorgfältiger inhaltlicher Kontrolle übernehmen wir keine Haftung für die Inhalte externer Links.<br />
Für den Inhalt der verlinkten Seiten sind ausschließlich deren Betreiber verantwortlich.</p>
